{"id":907,"date":"2019-10-08T15:34:08","date_gmt":"2019-10-08T18:34:08","guid":{"rendered":"https:\/\/isfd140-bue.infd.edu.ar\/sitio\/?page_id=907"},"modified":"2026-02-21T13:16:56","modified_gmt":"2026-02-21T16:16:56","slug":"horarios-equipo-de-conduccion","status":"publish","type":"page","link":"https:\/\/isfd140-bue.infd.edu.ar\/sitio\/horarios-equipo-de-conduccion\/","title":{"rendered":"Horarios Equipo de Conducci\u00f3n"},"content":{"rendered":"<table>\n<tbody>\n<tr>\n<td width=\"157\"><strong>\u00a0<\/strong><\/td>\n<td style=\"text-align: center;\" width=\"157\"><strong>LUNES<\/strong><\/td>\n<td style=\"text-align: center;\" width=\"157\"><strong>MARTES<\/strong><\/td>\n<td style=\"text-align: center;\" width=\"157\"><strong>MI\u00c9RCOLES<\/strong><\/td>\n<td style=\"text-align: center;\" width=\"157\"><strong>JUEVES<\/strong><\/td>\n<td style=\"text-align: center;\" width=\"157\"><strong>VIERNES<\/strong><\/td>\n<\/tr>\n<tr>\n<td width=\"157\">\n<p>\u00a0<\/p>\n<p style=\"text-align: center;\"><strong>SEDE TIGRE- TARDE<\/strong><\/p>\n<p style=\"text-align: center;\"><strong>13:30 a 17:30 Hs.<\/strong><\/p>\n<p style=\"text-align: center;\"><strong>\u00a0<\/strong><\/p>\n<p style=\"text-align: center;\"><strong>\u00a0<\/strong><\/p>\n<\/td>\n<td style=\"text-align: center;\" width=\"157\">\n<p><strong>Secretaria<\/strong><\/p>\n<p>\u00a0<\/p>\n<p><strong>Jefe de \u00c1rea Matem\u00e1tica<\/strong><\/p>\n<\/td>\n<td style=\"text-align: center;\" width=\"157\">\n<p><strong>Regente\u00a0<\/strong><\/p>\n<\/td>\n<td style=\"text-align: center;\" width=\"157\">\n<p>\u00a0<\/p>\n<p><strong>\u00a0<\/strong><strong>Director<\/strong><\/p>\n<p>\u00a0<\/p>\n<p><strong>\u00a0<\/strong><\/p>\n<\/td>\n<td style=\"text-align: center;\" width=\"157\"><strong>\u00a0<\/strong><strong>Director<\/strong>\n<p>\u00a0<\/p>\n<p><strong>\u00a0Jefe de \u00c1rea Biolog\u00eda <\/strong><\/p>\n<p><strong>(15:30 a 17:30)<\/strong><\/p>\n<\/td>\n<td width=\"157\">\n<p style=\"text-align: center;\"><strong>Regente<\/strong><\/p>\n<p style=\"text-align: center;\"><strong>Secretaria<\/strong><\/p>\n<p style=\"text-align: center;\"><strong>Jefe de \u00c1rea Matem\u00e1tica\u00a0<\/strong><\/p>\n<p style=\"text-align: center;\"><strong>(15:30 a 17:30)<\/strong><\/p>\n<\/td>\n<\/tr>\n<tr>\n<td style=\"text-align: center;\" width=\"157\">\n<p><strong>SEDE PACHECO- VESPERTINO<\/strong><\/p>\n<p><strong>\u00a0<\/strong><strong>18:20 a 22:20 Hs.<\/strong><\/p>\n<p><strong>\u00a0<\/strong><\/p>\n<\/td>\n<td style=\"text-align: center;\" width=\"157\"><strong style=\"font-size: inherit; font-family: inherit;\">\u00a0<\/strong><strong>\u00a0<\/strong><strong>Director<\/strong>\n<p>\u00a0<\/p>\n<p><strong>Regente<\/strong><\/p>\n<p><strong>Jefe de \u00c1rea Matem\u00e1tica\u00a0 <\/strong><\/p>\n<p><strong>(<\/strong><strong>20:30 a 22:30)<\/strong><\/p>\n<\/td>\n<td style=\"text-align: center;\" width=\"157\">\n<p><strong>\u00a0<\/strong><strong>Director<\/strong><\/p>\n<p><strong>Secretaria<\/strong><\/p>\n<p><strong>Jefe de \u00c1rea Biolog\u00eda<\/strong><\/p>\n<\/td>\n<td style=\"text-align: center;\" width=\"157\"><strong>\u00a0<\/strong>\n<p>\u00a0<\/p>\n<p><strong>Regente<\/strong><\/p>\n<p><strong>Secretaria<\/strong><\/p>\n<p><strong>\u00a0<\/strong><\/p>\n<\/td>\n<td style=\"text-align: center;\" width=\"157\">\n<p><strong>Regente<\/strong><\/p>\n<p><strong>\u00a0<\/strong><b>Secretaria<\/b><\/p>\n<p><strong>Jefe de \u00c1rea Biolog\u00eda<\/strong><\/p>\n<p><strong>Jefe de \u00c1rea Matem\u00e1tica\u00a0 <\/strong><\/p>\n<p><strong>(1<\/strong><strong>8:20 a 20:20)<\/strong><\/p>\n<\/td>\n<td width=\"157\">\n<p style=\"text-align: center;\"><strong>\u00a0<\/strong><strong>Director<\/strong><\/p>\n<p style=\"text-align: center;\">\u00a0<\/p>\n<p style=\"text-align: center;\"><strong>\u00a0<\/strong><\/p>\n<\/td>\n<\/tr>\n<\/tbody>\n<\/table>\n\n\n<p><\/p>\n","protected":false},"excerpt":{"rendered":"<p>\u00a0 LUNES MARTES MI\u00c9RCOLES JUEVES VIERNES \u00a0 SEDE TIGRE- TARDE 13:30 a 17:30 Hs. \u00a0 \u00a0 Secretaria \u00a0 Jefe de \u00c1rea Matem\u00e1tica Regente\u00a0 \u00a0 \u00a0Director \u00a0 \u00a0 \u00a0Director \u00a0 \u00a0Jefe de \u00c1rea Biolog\u00eda (15:30 a 17:30) Regente Secretaria Jefe de \u00c1rea Matem\u00e1tica\u00a0 (15:30 a 17:30) SEDE PACHECO- VESPERTINO \u00a018:20 a 22:20 Hs. \u00a0 \u00a0\u00a0Director \u00a0 &#8230; <a title=\"Horarios Equipo de Conducci\u00f3n\" class=\"read-more\" href=\"https:\/\/isfd140-bue.infd.edu.ar\/sitio\/horarios-equipo-de-conduccion\/\" aria-label=\"More on Horarios Equipo de Conducci\u00f3n\">[+]<\/a><\/p>\n","protected":false},"author":771,"featured_media":0,"parent":0,"menu_order":0,"comment_status":"closed","ping_status":"closed","template":"","meta":[],"acf":[],"_links":{"self":[{"href":"https:\/\/isfd140-bue.infd.edu.ar\/sitio\/wp-json\/wp\/v2\/pages\/907"}],"collection":[{"href":"https:\/\/isfd140-bue.infd.edu.ar\/sitio\/wp-json\/wp\/v2\/pages"}],"about":[{"href":"https:\/\/isfd140-bue.infd.edu.ar\/sitio\/wp-json\/wp\/v2\/types\/page"}],"author":[{"embeddable":true,"href":"https:\/\/isfd140-bue.infd.edu.ar\/sitio\/wp-json\/wp\/v2\/users\/771"}],"replies":[{"embeddable":true,"href":"https:\/\/isfd140-bue.infd.edu.ar\/sitio\/wp-json\/wp\/v2\/comments?post=907"}],"version-history":[{"count":26,"href":"https:\/\/isfd140-bue.infd.edu.ar\/sitio\/wp-json\/wp\/v2\/pages\/907\/revisions"}],"predecessor-version":[{"id":3030,"href":"https:\/\/isfd140-bue.infd.edu.ar\/sitio\/wp-json\/wp\/v2\/pages\/907\/revisions\/3030"}],"wp:attachment":[{"href":"https:\/\/isfd140-bue.infd.edu.ar\/sitio\/wp-json\/wp\/v2\/media?parent=907"}],"curies":[{"name":"wp","href":"https:\/\/api.w.org\/{rel}","templated":true}]}}