{"id":1670,"date":"2021-07-02T19:06:21","date_gmt":"2021-07-02T22:06:21","guid":{"rendered":"https:\/\/isfd140-bue.infd.edu.ar\/sitio\/?page_id=1670"},"modified":"2023-05-28T17:46:19","modified_gmt":"2023-05-28T20:46:19","slug":"cipe","status":"publish","type":"page","link":"https:\/\/isfd140-bue.infd.edu.ar\/sitio\/cipe\/","title":{"rendered":"CIPE"},"content":{"rendered":"<p style=\"text-align: center;\"><strong>Acerca de los\/las Coordinadores Institucionales de Pol\u00edticas Estudiantiles (CIPEs)<\/strong><\/p>\n<p style=\"text-align: center;\">La figura del Coordinador Institucional de Pol\u00edticas Estudiantiles (CIPE) resulta un apoyo clave para la concreci\u00f3n de estas pol\u00edticas. Los\/las CIPEs son\u00a0<strong><em>actores institucionales destinados exclusivamente a gestionar junto a estudiantes, docentes y directivos acciones que permitan fortalecer las pol\u00edticas estudiantiles a nivel instituciona<\/em><\/strong>l. Asimismo, su trabajo posibilita la apertura de canales y espacios propicios para que los alumnos alcancen una identidad acorde al Nivel Superior, con pertenencia y protagonismo en el \u00e1mbito institucional.<\/p>\n<p style=\"text-align: center;\">Los\/las coordinadores\/as son responsables de colaborar con las instituciones en los procesos de mejora educativa planificados desde horizontes construidos federalmente, para permitir la fortaleza de lo com\u00fan y la riqueza de las singularidades. De esta manera, acompa\u00f1an a los estudiantes al momento de asumir responsabilidades e involucrarse activamente con su propia formaci\u00f3n y la instituci\u00f3n en la que se forman.<\/p>\n<p><strong>Tareas espec\u00edficas:<\/strong><\/p>\n<ul>\n<li>Trabajar articuladamente con los distintos actores de los niveles nacional, jurisdiccional e institucional.<\/li>\n<li>Desarrollar proyectos de construcci\u00f3n colectiva con estudiantes, docentes y directivos que promuevan el acompa\u00f1amiento a las trayectorias estudiantiles con especial \u00e9nfasis en estudiantes ingresantes.<\/li>\n<li>Trabajar coordinadamente con los equipos institucionales para el desarrollo de la l\u00ednea de tutor\u00edas entre pares.<\/li>\n<li>Promover la participaci\u00f3n e involucramiento de los estudiantes en la gesti\u00f3n democr\u00e1tica de las instituciones y en los espacios de reflexi\u00f3n institucional.<\/li>\n<li>Generar \u00e1mbitos de trabajo intra e interinstitucionales que fortalezcan y enriquezcan el capital cultural y social de los futuros docentes con impacto en la comunidad.<\/li>\n<li>Promover estrategias de acompa\u00f1amiento a los becarios de Progresar de Formaci\u00f3n Docente.<\/li>\n<li>Promover estrategias de promoci\u00f3n de las carreras prioritarias de formaci\u00f3n docente de la instituci\u00f3n en las escuelas secundarias de la comunidad.<\/li>\n<li>Participar de las reuniones e instancias de formaci\u00f3n convocadas por el Instituto, DES y\/o Ministerio Nacional, y presentar en tiempo y forma los informes de seguimiento de acciones solicitados.<\/li>\n<\/ul>\n<h4 style=\"text-align: center;\"><strong>CIPE:<\/strong> Prof. Luciana Ballestero<\/h4>\n<h4 style=\"text-align: center;\"><a href=\"mailto:lucianaballestero@yahoo.com.ar\">lucianaballestero@yahoo.com.ar<\/a><\/h4>\n<h4 style=\"text-align: center;\"><\/h4>\n","protected":false},"excerpt":{"rendered":"<p>Acerca de los\/las Coordinadores Institucionales de Pol\u00edticas Estudiantiles (CIPEs) La figura del Coordinador Institucional de Pol\u00edticas Estudiantiles (CIPE) resulta un apoyo clave para la concreci\u00f3n de estas pol\u00edticas. Los\/las CIPEs son\u00a0actores institucionales destinados exclusivamente a gestionar junto a estudiantes, docentes y directivos acciones que permitan fortalecer las pol\u00edticas estudiantiles a nivel institucional. Asimismo, su trabajo &#8230; <a title=\"CIPE\" class=\"read-more\" href=\"https:\/\/isfd140-bue.infd.edu.ar\/sitio\/cipe\/\" aria-label=\"More on CIPE\">[+]<\/a><\/p>\n","protected":false},"author":771,"featured_media":0,"parent":0,"menu_order":0,"comment_status":"closed","ping_status":"closed","template":"","meta":[],"acf":[],"_links":{"self":[{"href":"https:\/\/isfd140-bue.infd.edu.ar\/sitio\/wp-json\/wp\/v2\/pages\/1670"}],"collection":[{"href":"https:\/\/isfd140-bue.infd.edu.ar\/sitio\/wp-json\/wp\/v2\/pages"}],"about":[{"href":"https:\/\/isfd140-bue.infd.edu.ar\/sitio\/wp-json\/wp\/v2\/types\/page"}],"author":[{"embeddable":true,"href":"https:\/\/isfd140-bue.infd.edu.ar\/sitio\/wp-json\/wp\/v2\/users\/771"}],"replies":[{"embeddable":true,"href":"https:\/\/isfd140-bue.infd.edu.ar\/sitio\/wp-json\/wp\/v2\/comments?post=1670"}],"version-history":[{"count":5,"href":"https:\/\/isfd140-bue.infd.edu.ar\/sitio\/wp-json\/wp\/v2\/pages\/1670\/revisions"}],"predecessor-version":[{"id":2323,"href":"https:\/\/isfd140-bue.infd.edu.ar\/sitio\/wp-json\/wp\/v2\/pages\/1670\/revisions\/2323"}],"wp:attachment":[{"href":"https:\/\/isfd140-bue.infd.edu.ar\/sitio\/wp-json\/wp\/v2\/media?parent=1670"}],"curies":[{"name":"wp","href":"https:\/\/api.w.org\/{rel}","templated":true}]}}