{"id":1269,"date":"2020-08-18T16:54:10","date_gmt":"2020-08-18T19:54:10","guid":{"rendered":"https:\/\/isfd140-bue.infd.edu.ar\/sitio\/?page_id=1269"},"modified":"2025-03-31T15:11:20","modified_gmt":"2025-03-31T18:11:20","slug":"asociacion-cooperadora","status":"publish","type":"page","link":"https:\/\/isfd140-bue.infd.edu.ar\/sitio\/asociacion-cooperadora\/","title":{"rendered":"Asociaci\u00f3n Cooperadora"},"content":{"rendered":"<p style=\"text-align: center;\">Los objetivos de la Asociaci\u00f3n Cooperadora, en cumplimiento del principio general sancionado en el <a href=\"https:\/\/drive.google.com\/file\/d\/1btPet1he00018XCZlMytJm3P5p2JR2tf\/view?usp=sharing\">Art\u00edculo 1\u00b0 del Decreto 4767\/72 y<\/a> su <a href=\"https:\/\/drive.google.com\/file\/d\/1hF_abM6hv2GzMHaMyIqfvz-8Sh8FI3l4\/view?usp=sharing\">modificatorio Decreto 355\/73<\/a>, ser\u00e1n las prestaciones y servicios de ayuda escolar que a continuaci\u00f3n se detallan, condicionados a las necesidades del medio social en que se desenvuelven y las particularidades de los ciclos de ense\u00f1anza:<\/p>\n<ul>\n<li>Coordinar su actividad con los sectores econ\u00f3micos de la comunidad, a efectos de servir de agente laboral de los estudiantes o padres cuando lo soliciten o las circunstancias lo requieran.<\/li>\n<li>Financiar, administrar o participar en Comedores Escolares Unitarios o Centralizados, o en los Servicios que los sustituyan.<\/li>\n<li>Establecer un sistema de becas que factibilicen la prosecuci\u00f3n de los estudios de los estudiantes\u00a0que pudiesen necesitar ese apoyo.<\/li>\n<li>Establecer, donde los hubiese, Servicio de Asistencia M\u00e9dica integral, total o parcialmente gratuitos, de acuerdo a las posibilidades de cada educando.<\/li>\n<li>Financiar o cooperar en la financiaci\u00f3n de los Planes de Turismo o excursiones educativas.<\/li>\n<li>Distribuir entre los estudiantes que no puedan adquirirlos, \u00fatiles, libros y dem\u00e1s elementos did\u00e1cticos y procurar su venta a un precio razonable entre el resto, en este caso con sujeci\u00f3n a las normas de la Resoluci\u00f3n Ministerial N\u00b0 695\/69.<\/li>\n<li>Promover actividades extra &#8211; escolares para los estudiantes, en los cuales, el aspecto pedag\u00f3gico se hallar\u00e1 a cargo de los docentes que designe la Inspecci\u00f3n de Ense\u00f1anza respectiva.<\/li>\n<li>Contribuir al quehacer educacional mediante la adquisici\u00f3n del material necesario y mantenimiento del edificio escolar.<\/li>\n<li>Encarar o propiciar toda otra forma de asistencia al educando o sus familias, que tienda a hacer cumplir con lo en con lo enunciado en el Art\u00edculo 1\u00b0 del Decreto 4767\/72 y su modificatorio Decreto 355\/73.<\/li>\n<\/ul>\n<p style=\"text-align: center;\"><strong><em>PRESIDENTA DE LA ASOCIACI\u00d3N COOPERADORA DEL ISFD Y T N\u00ba140<\/em>: PROF. Marina G\u00f3mez R\u00edos<\/strong><\/p>\n<p style=\"text-align: center;\"><strong>Correo electr\u00f3nico:\u00a0<a href=\"mailto:cooperadoraisfdyt140@gmail.com\" target=\"_blank\" rel=\"noopener\">cooperadoraisfdyt140@gmail.com<\/a><\/strong><\/p>\n","protected":false},"excerpt":{"rendered":"<p>Los objetivos de la Asociaci\u00f3n Cooperadora, en cumplimiento del principio general sancionado en el Art\u00edculo 1\u00b0 del Decreto 4767\/72 y su modificatorio Decreto 355\/73, ser\u00e1n las prestaciones y servicios de ayuda escolar que a continuaci\u00f3n se detallan, condicionados a las necesidades del medio social en que se desenvuelven y las particularidades de los ciclos de &#8230; <a title=\"Asociaci\u00f3n Cooperadora\" class=\"read-more\" href=\"https:\/\/isfd140-bue.infd.edu.ar\/sitio\/asociacion-cooperadora\/\" aria-label=\"More on Asociaci\u00f3n Cooperadora\">[+]<\/a><\/p>\n","protected":false},"author":771,"featured_media":0,"parent":0,"menu_order":0,"comment_status":"closed","ping_status":"closed","template":"","meta":[],"acf":[],"_links":{"self":[{"href":"https:\/\/isfd140-bue.infd.edu.ar\/sitio\/wp-json\/wp\/v2\/pages\/1269"}],"collection":[{"href":"https:\/\/isfd140-bue.infd.edu.ar\/sitio\/wp-json\/wp\/v2\/pages"}],"about":[{"href":"https:\/\/isfd140-bue.infd.edu.ar\/sitio\/wp-json\/wp\/v2\/types\/page"}],"author":[{"embeddable":true,"href":"https:\/\/isfd140-bue.infd.edu.ar\/sitio\/wp-json\/wp\/v2\/users\/771"}],"replies":[{"embeddable":true,"href":"https:\/\/isfd140-bue.infd.edu.ar\/sitio\/wp-json\/wp\/v2\/comments?post=1269"}],"version-history":[{"count":7,"href":"https:\/\/isfd140-bue.infd.edu.ar\/sitio\/wp-json\/wp\/v2\/pages\/1269\/revisions"}],"predecessor-version":[{"id":2771,"href":"https:\/\/isfd140-bue.infd.edu.ar\/sitio\/wp-json\/wp\/v2\/pages\/1269\/revisions\/2771"}],"wp:attachment":[{"href":"https:\/\/isfd140-bue.infd.edu.ar\/sitio\/wp-json\/wp\/v2\/media?parent=1269"}],"curies":[{"name":"wp","href":"https:\/\/api.w.org\/{rel}","templated":true}]}}